derivative of 11*n**2/2 + 4*n + 8. What is the tens digit of a(3)?
3
Suppose -s + 3*w + 102 = 0, 5*s - 4*w - 601 = -69. What is the tens digit of s?
0
Let x(y) = 77*y. Let g be x(1). Suppose -12 = 5*t - g. What is the units digit of t?
3
Let n = 7 + -5. Let o be 6 + (-1 - (-3 + n)). Let b(t) = -t**3 + 6*t**2 + 2*t - 6. What is the units digit of b(o)?
6
Suppose 0 = 3*h - 29 - 46. What is the units digit of h?
5
Suppose -7*t = -3*t - 5*n, 0 = 3*t - 3*n. Suppose t*l + 5*l = -10. What is the units digit of (-7)/(-3) - l/(-6)?
2
Let s(u) = -u**2 - 27*u - 9. What is the hundreds digit of s(-19)?
1
Suppose 6*x = 208 + 374. What is the units digit of x?
7
Suppose 0 = z - 7. Let m be ((-6)/2)/((-3)/(-4)). Let d = m + z. What is the units digit of d?
3
Suppose 0 = -6*i - 4 + 58. What is the units digit of i?
9
Let r(y) = 11*y**3 - 15*y**2 - 6*y + 32. Let w(d) = -4*d**3 + 5*d**2 + 2*d - 11. Let v(q) = 3*r(q) + 8*w(q). What is the tens digit of v(6)?
3
Suppose 2*z = -0*u + 2*u + 2, -2*z = 3*u - 12. Suppose 0 = -2*y - 2*y - 2*r + 8, -u*r = 0. Suppose -2 = -j + y. What is the units digit of j?
4
Let a = 22 - 43. What is the tens digit of a/(-35) - (-304)/10?
3
Let q = 0 + 28. Suppose p + 3*p = q. What is the units digit of p?
7
Let v(q) = -7*q**2 - 1. Let u be v(-1). What is the units digit of (-76)/u + (-6)/4?
8
What is the tens digit of (-843)/((-2)/(-2))*7/(-21)?
8
Suppose -5*z + 295 = 5*p, -3*z - p + 187 = 4*p. What is the units digit of z?
4
Suppose 2*u - 5244 = -21*u. What is the tens digit of u?
2
Let f(d) be the second derivative of -d**3/2 + 19*d**2/2 - d. Let j(n) = -4*n + 29. Let u(h) = -7*f(h) + 5*j(h). What is the units digit of u(-6)?
6
Let t = 17 - -31. Suppose 5*q = -3*r + t, -3*r + 4 - 10 = -q. What is the units digit of q?
9
Let c(i) = 6*i + 7. Let t be c(-7). Let u = -11 - -12. What is the tens digit of (2/(-5))/(u/t)?
1
Let w(z) = -z**3 + 3*z**2 + 4. Let q be w(4). What is the units digit of (-6)/q + 3/2?
2
What is the tens digit of (160/(-100))/(4/(-90))?
3
Suppose 2*u + 72 = 4*u. What is the tens digit of u?
3
Let o(m) = m + 4. Let i be o(6). Let j = 12 - i. What is the units digit of j?
2
Suppose 10*u = 4*u + 492. What is the units digit of u?
2
Suppose 2*h + 9*h - 1353 = 0. What is the tens digit of h?
2
Suppose -2*f - f = -24. What is the units digit of (-2)/f - 388/(-16)?
4
Let n(c) = -c**3 - 3*c**2 - 4*c + 2. What is the units digit of n(-4)?
4
Let j = 0 + 9. What is the units digit of (-2 - -3)/(1/j)?
9
Let b(c) = 60*c + 1. Let m be b(1). Suppose 0 = -g - 1, m = -0*u + 4*u - g. What is the tens digit of u?
1
Let i(k) = -k + 9. Let b be i(7). Suppose 68 = 4*l - 4*t, 5*l + b*t - 34 = 72. Suppose -4*n - h = -25, 0 = -5*n - 2*h + 12 + l. What is the units digit of n?
6
Suppose 11*u - 1104 = -235. What is the tens digit of u?
7
Let i be (2/((-6)/9))/(-1). Suppose -i*t + 3*x = -51, -4*t + 51 = -t - 4*x. What is the units digit of t?
7
Suppose 0 = -4*o + 5*p + 120, -4*p + 0 - 19 = -o. What is the tens digit of o?
3
Let n(i) = 3*i**2 + 20*i + 7. What is the units digit of n(-11)?
0
Let i be (-1)/1*(-5 + 0). Suppose 5*u + 0*v = -2*v + 74, 0 = i*u - 3*v - 89. What is the tens digit of u?
1
Let i = 253 + -169. What is the units digit of i?
4
Let x be ((-18)/(-15))/((-6)/(-40)). Suppose 2*p = -2*p + x. Suppose p*a + 33 = 3*a + 4*t, -32 = -4*a + 4*t. What is the units digit of a?
3
Suppose -4*x - 6 = -26. Suppose -x*v = -0*v - 10. Suppose -5*o - t + 18 = 0, v*t = -2*o + 16 - 4. What is the units digit of o?
3
What is the units digit of 1*(-18 + 4)*-4?
6
Let h(s) = -s**2 - 3*s + 6. Let z be h(-5). Let w be (6/(-4))/(2/z). What is the units digit of 6/(-9)*w + 8?
6
Let j(u) = 51*u**2 + u. What is the units digit of j(1)?
2
Suppose -3*v = -97 - 5. What is the units digit of v?
4
Suppose d - 2*q + 2 = -1, 5*q = -3*d + 24. Suppose -2*a - 13 = -d*h, 5*h = -a + 6*a + 20. What is the units digit of a?
1
Let g(d) = -26*d + 1. Let w(o) = o**3 - 10*o**2 - 11*o - 1. Let m be w(11). What is the tens digit of g(m)?
2
Suppose -104 = -2*j - j - 2*f, 5*f = j - 12. What is the tens digit of j?
3
Let p(r) = -5*r - 52. What is the units digit of p(-16)?
8
Suppose 0 = -2*x - 10, -4*m + 4*x + 8 = -8*m. What is the units digit of 0 + 6/m - -1?
3
Let k = 23 - 3. Let w = 32 - k. What is the tens digit of w?
1
Suppose -4*y + 27 = -77. What is the units digit of y?
6
Let p = 5 - -148. What is the units digit of p?
3
Let n = -31 - 59. Let h = -45 - n. What is the tens digit of h?
4
Suppose 0 = -k - 4*z + 3, -k - 5*z + 1 + 2 = 0. Let j(r) = 2*r**2 - 3*r - 4. What is the units digit of j(k)?
5
Let v = -11 + 13. Suppose 0 = 2*s + 2, 0*w + 112 = 5*w - v*s. What is the units digit of w?
2
Let i(g) = -g**3 - 6*g**2 + 7*g - 3. Let l be i(-7). What is the tens digit of (-51)/l + (-1 - 0)?
1
What is the tens digit of ((-1)/(-3))/((-1)/2220*-5)?
4
What is the hundreds digit of 2/(-12) - 9086/(-84)?
1
What is the hundreds digit of 136 + (3 - 0 - 7)?
1
Let d(h) = h**2 + 7*h + 1. Let r be d(-6). Let v(y) = -y**2 - 5*y + 3. What is the units digit of v(r)?
3
Suppose -3*g = 1 - 28. Let i = g + -5. Suppose q + 3 = i*f, -7*q + 2*q = -25. What is the units digit of f?
2
Let u(p) = 3*p**2 - p + 15. Let g be u(-5). Let i = g + -47. What is the units digit of i?
8
Let g = -10 + 53. What is the tens digit of g?
4
Let j(s) = 3*s**2 + s - 6. What is the tens digit of j(-5)?
6
Let v be 40/6*72/30. Suppose 0 = 4*y - 2*s - 64, -2*s - 3*s = -y + v. What is the tens digit of y?
1
Suppose -308 = -10*a - 78. What is the units digit of a?
3
Suppose 3*j + 49 = 4*j. Let c be (-6)/15 - 17/(-5). Suppose 3*f - c*z = 39, j = f + 4*f + 3*z. What is the tens digit of f?
1
Let x(t) = t**2 - 6*t - 5. Let w be x(7). Suppose 3*c = -2*v - 0 + 14, -w*v = -3*c + 22. What is the units digit of c?
6
Let v(a) = -5*a**3 + a**2 + 4*a - 7. Let p(r) = -9*r**3 + r**2 + 7*r - 13. Let k(g) = -4*p(g) + 7*v(g). Suppose -3 + 15 = -4*f. What is the units digit of k(f)?
3
Suppose 0 = 5*c + 4*j - 71, 5*c = 5*j - 1 + 36. Suppose -4*p + c + 5 = 0. Suppose -n - n = -p. What is the units digit of n?
2
Suppose 8*y - 72 = 72. What is the tens digit of y?
1
Suppose 4*t - 8*t + 20 = -4*m, -3*t - 4*m = 20. Suppose t = -5*p + 118 - 48. What is the tens digit of p?
1
Suppose -n = 3*t - 23, -70 = -4*n - 5*t + 4*t. What is the units digit of n?
7
What is the units digit of (20/(-8) - -3)*82?
1
Suppose -24 = -3*j - j. Let d = 14 - j. What is the units digit of d?
8
Suppose -6*v + v = 4*y - 59, y = -4*v + 23. What is the tens digit of y?
1
Suppose -3*k = -6*k + 60. Let w = k - 10. What is the tens digit of w?
1
Let v(g) = g**2 + 4*g + 2. Let m be v(-3). Let i be m/3 - 1/(-3). Suppose i = -3*f + 2*f + 5. What is the units digit of f?
5
Let t(u) be the first derivative of -7*u**4/2 + u**3/3 - u**2/2 - u + 2. Let i be t(-1). What is the units digit of (-6)/i - (-12)/5?
2
Let i be 15*(-1)/4*-4. Suppose s + 2*s - 10 = 2*c, 3*c + 45 = -3*s. Let v = i + c. What is the units digit of v?
4
Suppose -2*t + 46 = 12. Let u = -11 + t. What is the units digit of u?
6
Let n(i) = -i**3 - 6*i**2 - 3*i - 4. What is the units digit of n(-7)?
6
Let u = 5 - 3. Suppose -2*h - 27 = p - 6*p, h - u*p = -12. What is the units digit of (-10)/15 - 10/h?
1
Let t(r) = 11*r + 7. Let u(h) = -5*h - 3. Let k(d) = 2*t(d) + 5*u(d). What is the units digit of k(-3)?
8
Let g(n) = 4*n + 8. Let b(f) = -3*f - 9. Let z(u) = 5*b(u) + 4*g(u). Let w be z(7). Let a = w - -19. What is the tens digit of a?
1
Let u(z) = -z**3 + 7*z**2 - z + 6. Let l be u(7). Let p = l - -7. What is the units digit of p?
6
Suppose 4*a + 3*b - 172 = 48, 5*b + 110 = 2*a. What is the units digit of a?
5
Suppose -3*j - 9 - 30 = -5*u, 4*u = -j + 38. Let m be (-150)/4*(-12)/u. Suppose m = 4*v + v. What is the tens digit of v?
1
Suppose -2*o = -o + 2*f - 8, 6 = 2*o - f. Let p = o - 5. Let z = 0 - p. What is the units digit of z?
1
Let n = 6 - 8. Let j = n - -7. Suppose -4*i - b + 4 = -14, -4*i + 10 = j*b. What is the units digit of i?
5
Let m = 2 + 2. Let k(p) = p**3 - 1. Let n(v) = -2*v**3 - 4*v**2 + 2*v + 5. Let b(x) = m*k(x) + n(x). What is the units digit of b(2)?
5
Suppose -6*s + 65 = -s. Let y = -2 + s. What is the units digit of y?
1
Suppose -3 = -b + 4*t + 44, -4*b - t = -154. Let w = b - 25. What is the u